b8671c?
-3b86739
In base 14, what is -6d888 - 6?
-6d890
In base 5, what is 103432022 + 2442?
103440014
In base 16, what is 541aaf + -1?
541aae
In base 11, what is -20a607 + -1092?
-210699
In base 11, what is 15a290 + 14?
15a2a4
In base 10, what is -63885 - -26?
-63859
In base 16, what is -46d0 + 158?
-4578
In base 3, what is 21122020122 + -1121111?
21120122011
In base 10, what is 10 + 363808?
363818
In base 13, what is 1a413414 - 2?
1a413412
In base 5, what is -40013300421 - -1?
-40013300420
In base 3, what is 212220221221112 - 11?
212220221221101
In base 12, what is 371 + 24895?
25046
In base 11, what is 4a2a043 + -114?
4a29a2a
In base 8, what is -144217563 + 3?
-144217560
In base 8, what is -34372165 - -3?
-34372162
In base 11, what is -3023374 + -2?
-3023376
In base 4, what is 113301110211 + 333?
113301111210
In base 3, what is -1010221211 - -1000?
-1010220211
In base 16, what is -1fa73f - -2?
-1fa73d
In base 11, what is -2 + -155040a3?
-155040a5
In base 6, what is 2452 + -23423012?
-23420120
In base 6, what is -3322 - -104021?
100255
In base 3, what is -11202110 - -221112000?
202202120
In base 5, what is 123421 + 142104?
321030
In base 12, what is 8a0a + 559?
9367
In base 15, what is 55 - -9dd82?
9ddd7
In base 12, what is 2 - -23a4374?
23a4376
In base 7, what is -10466412414 + 1?
-10466412413
In base 15, what is 5c8704 - -1a?
5c871e
In base 5, what is 31 - 1311114?
-1311033
In base 9, what is 164808608 + 8?
164808617
In base 11, what is 1654153 + 1?
1654154
In base 2, what is 1001001001000100100010 + 11?
1001001001000100100101
In base 7, what is 105514 - -4616?
113433
In base 9, what is 461 + 1670241?
1670712
In base 11, what is 1a7a6 + -611?
1a195
In base 3, what is -10100211202 - -211111?
-10100000021
In base 4, what is -1030 - 20011330013?
-20011331103
In base 8, what is -37706 + -247?
-40155
In base 6, what is -234131 - -1224?
-232503
In base 6, what is -32440240 + -2?
-32440242
In base 11, what is -26059318 - 2?
-2605931a
In base 3, what is 11111211110221 + 110210?
11111211221201
In base 13, what is -3 + -14c7588?
-14c758b
In base 4, what is -3 - -12222223330232?
12222223330223
In base 15, what is -169ec3a + 5?
-169ec35
In base 9, what is 4 - 6800370?
-6800365
In base 11, what is 7351 - -2015?
9366
In base 11, what is -2 + 1279a83?
1279a81
In base 3, what is -222001 - -12021210?
11022202
In base 9, what is 0 + 15263537?
15263537
In base 7, what is -3611 - 1466011?
-1502622
In base 8, what is -102540 + -4135?
-106675
In base 10, what is -246070 + 105?
-245965
In base 16, what is -e1f10 + 48?
-e1ec8
In base 4, what is 10211121233 + 11?
10211121310
In base 16, what is e68 - -4dfd4?
4ee3c
In base 10, what is 1 + -202561?
-202560
In base 8, what is 104162 + -3351?
100611
In base 14, what is 22b80d8 - -4?
22b80dc
In base 9, what is -856 + -130523?
-131480
In base 2, what is -101001111001111011 + 10000?
-101001111001101011
In base 10, what is -106393 + -162?
-106555
In base 9, what is -174672764 - 0?
-174672764
In base 9, what is -476 + 17760?
17273
In base 12, what is -5b38b - 117?
-5b4a6
In base 8, what is -245441641 - -1?
-245441640
In base 8, what is 3573 + -1710?
1663
In base 14, what is -5 + -1040c59?
-1040c60
In base 13, what is -97a + -c056?
-ca03
In base 7, what is -13 + -154503561?
-154503604
In base 10, what is -263884 + -1497?
-265381
In base 6, what is 22 - 205241355?
-205241333
In base 2, what is -11011 - -1100011011011001?
1100011010111110
In base 12, what is b60 + -390a1?
-38141
In base 14, what is -623daad + -3?
-623dab2
In base 16, what is 289 + -8cb?
-642
In base 15, what is -94b93 + -11d?
-94cb1
In base 8, what is -160655047 - -3?
-160655044
In base 11, what is -330446818 + -1?
-330446819
In base 5, what is -210 - 12013333?
-12014043
In base 2, what is 11000001 + -1101001101111111?
-1101001010111110
In base 4, what is -100222 + 323200220?
323033332
In base 14, what is -4 + -a2aa7d1?
-a2aa7d5
In base 16, what is -4 + -562cd3b?
-562cd3f
In base 8, what is 206170006 - 1?
206170005
In base 2, what is -11110 + -10110110000101100101?
-10110110000110000011
In base 16, what is 39c2f - -65?
39c94
In base 13, what is 10363 - 370?
ccc3
In base 14, what is -4 - 5607444?
-5607448
In base 12, what is -12 + 1024a9b?
1024a89
In base 11, what is 111 + -71aa?
-7099
In base 9, what is -1222264 - -87?
-1222166
In base 4, what is 101 - -21332312002?
21332312103
In base 13, what is 398 - 30a2?
-2a07
In base 6, what is -323 - 5125540?
-5130303
In base 2, what is -100111010100 + -10001010100101?
-10110001111001
In base 11, what is -5483 - -2206?
-3278
In base 4, what is -133210010310 + 33?
-133210010211
In base 16, what is -7a6 + -5474?
-5c1a
In base 13, what is 8 + -102441a?
-1024412
In base 13, what is -1a + -876c05?
-876c22
In base 4, what is 0 - -22211032311?
22211032311
In base 15, what is 135 + -2bbd7?
-2baa2
In base 2, what is 101000010000101110110110001000 + 101?
101000010000101110110110001101
In base 15, what is 47e4 - -249?
4a3d
In base 14, what is -3497c - 49?
-349c7
In base 8, what is -4256 + -271470?
-275746
In base 16, what is 3 + 1285f5?
1285f8
In base 10, what is 57813 - 2169?
55644
In base 8, what is 3 + 1056000537?
1056000542
In base 15, what is -49b114 - -2d?
-49b0d6
In base 3, what is -11222100012201 - 221?
-11222100020122
In base 9, what is 655281880 + 2?
655281882
In base 14, what is -3419 - -c5b?
-259c
In base 13, what is 14 - -6117391?
61173a5
In base 4, what is 221111302031 + -10?
221111302021
In base 2, what is -10 + 1000000111011011110?
1000000111011011100
In base 10, what is 21 - 187756?
-187735
In base 12, what is 1130331 - -5?
1130336
In base 4, what is -20 - 3300021323?
-3300022003
In base 2, what is 101 + 11010111010001101101111?
11010111010001101110100
In base 10, what is 6 - 1625441?
-1625435
In base 5, what is -2114332 + 40?
-2114242
In base 10, what is -3 - -54867310?
54867307
In base 10, what is -690 + -91144?
-91834
In base 13, what is -16469 + 10?
-16459
In base 4, what is -13332223 + -2220?
-20001103
In base 2, what is 1011111 - -10001111100001000?
10001111101100111
In base 8, what is 2 + -40466732?
-40466730
In base 11, what is -20a - 220020?
-22022a
In base 10, what is 3 + 92160688?
92160691
In base 14, what is 102c8 + 4c8?
107b2
In base 16, what is -b6d222 + 0?
-b6d222
In base 3, what is 1111101221 + -101201?
1111000020
In base 4, what is 232113223 - 2202?
232111021
In base 16, what is -62cd - 2dec?
-90b9
In base 5, what is -3 + -14330022?
-14330030
In base 2, what is -10110001 - -1110110001100001?
1110101110110000
In base 9, what is -3211310 + 4?
-3211305
In base 5, what is 1244110 + 104114?
1403224
In base 16, what is 495d8 + 7f?
49657
In base 16, what is -5 - 14bc1ffd?
-14bc2002
In base 10, what is -194 - -692910?
692716
In base 11, what is 161a - 5713?
-40a4
In base 11, what is -99 - -1469?
1380
In base 13, what is 24 + -70255a?
-702536
In base 9, what is 287 + 574271?
574568
In base 5, what is 12 + -33031200112?
-33031200100
In base 9, what is 1574 - 8310?
-6625
In base 3, what is 22 + -110112112010112?
-110112112010020
In base 5, what is -103023123024 + 2?
-103023123022
In base 3, what is -21 + 200112111101112221?
200112111101112200
In base 2, what is 1100000011000001111 + 10101000?
1100000011010110111
In base 11, what is 192 + 225a28?
22610a
In base 2, what is 111100000 + 1100110011?
10100010011
In base 10, what is 92549 + -1698?
90851
In base 9, what is 1007 - -350550?
351557
In base 3, what is 1221011 + -111121202?
-102200121
In base 14, what is 0 - 9b9dc5?
-9b9dc5
In base 6, what is -44 - -301523?
301435
In base 14, what is 23 + -5924c9?
-5924a6
In base 3, what is -10012200021 - -2100?
-10012120221
In base 6, what is 14455 - -45100?
103555
In base 6, what is 203 + -30244354?
-30244151
In base 8, what is -53656260 - 1?
-53656261
In base 11, what is 755 - -12983?
13628
In base 11, what is -4 - 4779a411?
-4779a415
In base 11, what is -8a + -3033a08?
-3033a97
In base 11, what is 371864a - 2?
3718648
In base 14, what is 75d - -1c1a?
2579
In base 9, what is 116 + -5048353?
-5048236
In base 3, what is -122010022201 + -10201?
-122010110102
In base 2, what is -100001111 + 100111011111110101?
100111011011100110
In base 2, what is -1000101010100101101011100100 + 1?
-1000101010100101101011100011
In b